{"id":137,"date":"2017-10-19T12:16:39","date_gmt":"2017-10-19T12:16:39","guid":{"rendered":"http:\/\/biskolan.com\/?page_id=137"},"modified":"2021-02-27T08:13:25","modified_gmt":"2021-02-27T08:13:25","slug":"biskolans-kurser-i-allman-biodling","status":"publish","type":"page","link":"http:\/\/biskolan.com\/index.php\/biskolans-kurser-i-allman-biodling\/","title":{"rendered":"Biskolan och Allm\u00e4nna Kurser"},"content":{"rendered":"<style><span style=\"display: inline-block; width: 0px; overflow: hidden; line-height: 0;\" data-mce-type=\"bookmark\" class=\"mce_SELRES_start\">\ufeff<\/span><br \/><!-- \/* Font Definitions *\/ @font-face {font-family:\"Cambria Math\"; panose-1:2 4 5 3 5 4 6 3 2 4;} @font-face {font-family:Calibri; panose-1:2 15 5 2 2 2 4 3 2 4;} @font-face {font-family:Georgia; panose-1:2 4 5 2 5 4 5 2 3 3;} \/* Style Definitions *\/ p.MsoNormal, li.MsoNormal, div.MsoNormal {margin-top:0cm; margin-right:0cm; margin-bottom:8.0pt; margin-left:0cm; line-height:107%; font-size:11.0pt; font-family:\"Calibri\",sans-serif;} h2 {mso-style-link:\"Rubrik 2 Char\"; margin-top:0cm; margin-right:0cm; margin-bottom:9.0pt; margin-left:0cm; font-size:15.0pt; font-family:\"Times New Roman\",serif; color:#666666; font-weight:normal;} h3 {mso-style-link:\"Rubrik 3 Char\"; margin-top:0cm; margin-right:0cm; margin-bottom:9.0pt; margin-left:0cm; font-size:13.5pt; font-family:\"Times New Roman\",serif; color:#333333; font-weight:normal;} a:link, span.MsoHyperlink {color:#222222; text-decoration:none none;} a:visited, span.MsoHyperlinkFollowed {color:#954F72; text-decoration:underline;} p {margin-top:0cm; margin-right:0cm; margin-bottom:18.0pt; margin-left:0cm; font-size:12.0pt; font-family:\"Times New Roman\",serif;} span.Rubrik2Char {mso-style-name:\"Rubrik 2 Char\"; mso-style-link:\"Rubrik 2\"; font-family:\"Times New Roman\",serif; color:#666666;} span.Rubrik3Char {mso-style-name:\"Rubrik 3 Char\"; mso-style-link:\"Rubrik 3\"; font-family:\"Times New Roman\",serif; color:#333333;} .MsoChpDefault {font-family:\"Calibri\",sans-serif;} .MsoPapDefault {margin-bottom:8.0pt; line-height:107%;} @page WordSection1 {size:595.3pt 841.9pt; margin:70.85pt 70.85pt 70.85pt 70.85pt;} div.WordSection1 {page:WordSection1;} \/* List Definitions *\/ ol {margin-bottom:0cm;} ul {margin-bottom:0cm;} --><br \/><\/style>\n<h2>Separata, Allm\u00e4nna Kurser i Biskolan<\/h2>\n<p>Starta Biodling Utbildning, 5 m\u00e5n.\u00a0\u00a0\u00a0\u00a0\u00a0\u00a0\u00a0\u00a0\u00a0\u00a0\u00a0\u00a0 <a href=\"http:\/\/biskolan.com\/index.php\/starta-biodling-utbildning-grunder\/\" target=\"_blank\" rel=\"noopener\">&#8211;&gt;\u00a0<em>Anm\u00e4ln\u00a0kurs: Grundutbildning!<\/em><\/a><\/p>\n<p>V\u00e5ruppstart av big\u00e5rd, 3 m\u00e5n.\u00a0\u00a0\u00a0\u00a0\u00a0\u00a0\u00a0\u00a0\u00a0\u00a0\u00a0\u00a0\u00a0\u00a0\u00a0\u00a0\u00a0\u00a0\u00a0 <a href=\"http:\/\/biskolan.com\/index.php\/varuppstart-av-bigard\/\" target=\"_blank\" rel=\"noopener\">&#8211;&gt;\u00a0<em>Anm\u00e4ln\u00a0kurs: V\u00e5ruppstart!<\/em><\/a><\/p>\n<p>Avels- och drottningodling, 3 m\u00e5n\u00a0\u00a0\u00a0\u00a0\u00a0\u00a0\u00a0\u00a0\u00a0\u00a0<a href=\"http:\/\/biskolan.com\/index.php\/avel-och-drottningodling\/\" target=\"_blank\" rel=\"noopener\">&#8211;&gt; <em>Anm\u00e4ln\u00a0 kurs:\u00a0Avel&#8230; !<\/em><\/a><\/p>\n<p>Honungsproduktion 3 m\u00e5n\u00a0\u00a0\u00a0\u00a0\u00a0\u00a0\u00a0\u00a0\u00a0\u00a0\u00a0\u00a0\u00a0\u00a0\u00a0\u00a0\u00a0\u00a0\u00a0\u00a0\u00a0\u00a0\u00a0\u00a0 <a href=\"http:\/\/biskolan.com\/index.php\/honungsproduktion\/\" target=\"_blank\" rel=\"noopener\">&#8211;&gt; <em>Anm\u00e4ln\u00a0kurs:\u00a0Honungsprod!<\/em><\/a><\/p>\n<p>Ut\u00f6kning i big\u00e5rden 3 m\u00e5n\u00a0\u00a0\u00a0\u00a0\u00a0\u00a0\u00a0\u00a0\u00a0\u00a0\u00a0\u00a0\u00a0\u00a0\u00a0\u00a0\u00a0\u00a0\u00a0\u00a0\u00a0\u00a0\u00a0\u00a0\u00a0 <a href=\"http:\/\/biskolan.com\/index.php\/utokning-i-bigarden\/\" target=\"_blank\" rel=\"noopener\">&#8211;&gt; <em>Anm\u00e4ln\u00a0kurs:\u00a0Ut\u00f6kning&#8230;!<\/em><\/a><\/p>\n<p>S\u00e4songsavslut i big\u00e5rden, 3 m\u00e5n\u00a0\u00a0\u00a0\u00a0\u00a0\u00a0\u00a0\u00a0\u00a0\u00a0\u00a0\u00a0\u00a0 <a href=\"http:\/\/biskolan.com\/index.php\/sasongsavslut-i-bigarden\/\" target=\"_blank\" rel=\"noopener\">&#8211;&gt; <em>Anm\u00e4ln kurs:\u00a0S\u00e4songsavslut!<\/em><\/a><\/p>\n<h2><em>Intresseanm\u00e4lan,\u00a0<\/em>Separata, Allm\u00e4nna Kurser i Biskolan:<\/h2>\n<p>N\u00e4sta kursstart:\u00a0 2018-03-10.<\/p>\n<div><a href=\"http:\/\/biskolan.com\/index.php\/intresseanmalan-utbildning-biodling-pa-biskolan\/\" target=\"_blank\" rel=\"noopener\">Klicka h\u00e4r,\u00a0f\u00f6r Din Intresseanm\u00e4lan, Anders Big\u00e5rdar med Biskolan\u00a0<\/a><\/div>\n","protected":false},"excerpt":{"rendered":"<p>Separata, Allm\u00e4nna Kurser i Biskolan Starta Biodling Utbildning, 5 m\u00e5n.\u00a0\u00a0\u00a0\u00a0\u00a0\u00a0\u00a0\u00a0\u00a0\u00a0\u00a0\u00a0 &#8211;&gt;\u00a0Anm\u00e4ln\u00a0kurs: Grundutbildning! V\u00e5ruppstart av big\u00e5rd, 3 m\u00e5n.\u00a0\u00a0\u00a0\u00a0\u00a0\u00a0\u00a0\u00a0\u00a0\u00a0\u00a0\u00a0\u00a0\u00a0\u00a0\u00a0\u00a0\u00a0\u00a0 &#8211;&gt;\u00a0Anm\u00e4ln\u00a0kurs: V\u00e5ruppstart! Avels- och drottningodling, 3 m\u00e5n\u00a0\u00a0\u00a0\u00a0\u00a0\u00a0\u00a0\u00a0\u00a0\u00a0&#8211;&gt; Anm\u00e4ln\u00a0 kurs:\u00a0Avel&#8230; ! Honungsproduktion 3 m\u00e5n\u00a0\u00a0\u00a0\u00a0\u00a0\u00a0\u00a0\u00a0\u00a0\u00a0\u00a0\u00a0\u00a0\u00a0\u00a0\u00a0\u00a0\u00a0\u00a0\u00a0\u00a0\u00a0\u00a0\u00a0 &#8211;&gt; Anm\u00e4ln\u00a0kurs:\u00a0Honungsprod! Ut\u00f6kning i big\u00e5rden 3 m\u00e5n\u00a0\u00a0\u00a0\u00a0\u00a0\u00a0\u00a0\u00a0\u00a0\u00a0\u00a0\u00a0\u00a0\u00a0\u00a0\u00a0\u00a0\u00a0\u00a0\u00a0\u00a0\u00a0\u00a0\u00a0\u00a0 &#8211;&gt; Anm\u00e4ln\u00a0kurs:\u00a0Ut\u00f6kning&#8230;! S\u00e4songsavslut i big\u00e5rden, 3 m\u00e5n\u00a0\u00a0\u00a0\u00a0\u00a0\u00a0\u00a0\u00a0\u00a0\u00a0\u00a0\u00a0\u00a0 &#8211;&gt; Anm\u00e4ln kurs:\u00a0S\u00e4songsavslut! Intresseanm\u00e4lan,\u00a0Separata, Allm\u00e4nna Kurser i Biskolan: N\u00e4sta kursstart:\u00a0 2018-03-10. &hellip; <\/p>\n<p class=\"link-more\"><a href=\"http:\/\/biskolan.com\/index.php\/biskolans-kurser-i-allman-biodling\/\" class=\"more-link\">Forts\u00e4tt l\u00e4sa<span class=\"screen-reader-text\"> &#8221;Biskolan och Allm\u00e4nna Kurser&#8221;<\/span><\/a><\/p>\n","protected":false},"author":1,"featured_media":0,"parent":0,"menu_order":0,"comment_status":"closed","ping_status":"closed","template":"","meta":{"footnotes":""},"class_list":["post-137","page","type-page","status-publish","hentry"],"_links":{"self":[{"href":"http:\/\/biskolan.com\/index.php\/wp-json\/wp\/v2\/pages\/137","targetHints":{"allow":["GET"]}}],"collection":[{"href":"http:\/\/biskolan.com\/index.php\/wp-json\/wp\/v2\/pages"}],"about":[{"href":"http:\/\/biskolan.com\/index.php\/wp-json\/wp\/v2\/types\/page"}],"author":[{"embeddable":true,"href":"http:\/\/biskolan.com\/index.php\/wp-json\/wp\/v2\/users\/1"}],"replies":[{"embeddable":true,"href":"http:\/\/biskolan.com\/index.php\/wp-json\/wp\/v2\/comments?post=137"}],"version-history":[{"count":40,"href":"http:\/\/biskolan.com\/index.php\/wp-json\/wp\/v2\/pages\/137\/revisions"}],"predecessor-version":[{"id":694,"href":"http:\/\/biskolan.com\/index.php\/wp-json\/wp\/v2\/pages\/137\/revisions\/694"}],"wp:attachment":[{"href":"http:\/\/biskolan.com\/index.php\/wp-json\/wp\/v2\/media?parent=137"}],"curies":[{"name":"wp","href":"https:\/\/api.w.org\/{rel}","templated":true}]}}